). Suppose -l = m - 15. What is the units digit of l?
1
Let r be ((-6)/(-7))/(-3) - (-2496)/(-1456). Let w = 214 + -115. What is the units digit of r/(-9) - (-3641)/w?
7
Let i = 112 + 433. What is the units digit of i?
5
What is the thousands digit of 53655/73*8/5?
1
Let r be (8/(-6))/(8/60). Let s(j) = -11*j - 13. Let q be s(r). Suppose 8*t = 3*t - 2*k + q, -5*k = -5. What is the tens digit of t?
1
Suppose t + 2*t = -3*i + 138, -233 = -5*i - 4*t. Suppose 5*r = 26 + i. What is the units digit of r?
5
Let j = 411 + -293. Let o = 166 - j. What is the units digit of o?
8
Let f be (8 - 5) + 0 + 17. Suppose -2*q = -5*l + 10, 0*q - f = 4*q + l. What is the units digit of (q/10)/((-4)/72)?
9
Suppose -11*m + 17*m - 336 = 0. What is the tens digit of m?
5
Suppose 37 = 2*l - m, -2*l + 3*m - 22 = -65. Let x = -7 + l. Suppose 5*y - 3*b - x = 0, -2*y + 3*b = -0*y - 4. What is the units digit of y?
2
Let q be 108*(1/(-5))/(2/(-5)). Suppose -10*f - q = -13*f. What is the tens digit of f?
1
Let d(f) = f + 10. Suppose 0 = 3*r + 14 + 16. Let p be d(r). Let v = p - -10. What is the tens digit of v?
1
Let i be (-3 - 3)*(-4)/(-8). What is the tens digit of (i/(9/(-2)))/(30/855)?
1
Let n(w) = -4*w**2 - w. Let h be n(-6). What is the tens digit of (h - 0)*6/(-9)?
9
Suppose -2*l = -h + 5*h - 86, -217 = -4*l + h. Suppose -l = -3*a + 49. What is the units digit of a?
4
Let b be ((-2)/(-8))/((-4)/56)*-26. Let l = b - -1. What is the units digit of l?
2
Let u(q) = -q**3 + q**2 - 2*q + 215. Let s be u(0). Let o = s - 142. What is the units digit of o?
3
Let g(t) = t - 3. Let a be g(6). Suppose 0 = 5*w + l + l - 12, -a*w + 16 = -l. Suppose -3*y + w*s + 27 = 0, -3*y + 2*s + 3 = 6*s. What is the units digit of y?
5
Let y be (15/(-50)*-4)/((-3)/(-10)). Let k(x) = x**3 - 4*x**2 + 7*x + 9. What is the tens digit of k(y)?
3
Let r(s) = -186*s - 1. What is the tens digit of r(-4)?
4
Suppose 2*p = -0*p + 1584. Suppose 0 = -28*a + 34*a - p. What is the tens digit of a?
3
Suppose -2*f - 451 = -4*f + 11*d, 4*d = -3*f + 574. What is the hundreds digit of f?
1
Let s(b) = -b**3 - 1. Let d(c) = -c**2 - 2*c - 1. Let l be d(-2). Let i be s(l). Suppose i*w + w - 28 = 0. What is the tens digit of w?
2
Suppose -3*r - 4*i = -58, 0 = -2*r + 4*i - 0 + 12. Let m = r + -4. Let g = 20 - m. What is the tens digit of g?
1
Let h be 1/(-2) + (-54)/4. Suppose 0*j = -3*p - 2*j, 5*p + j = 0. Let l = p - h. What is the units digit of l?
4
Let v(f) be the second derivative of f**5/20 - f**4/12 - f**3/6 + 4*f**2 - f. Let j(u) = -u**2 + 2*u + 3. Let g be j(-1). What is the units digit of v(g)?
8
Let d = 158 - 102. Let l = d - 26. What is the tens digit of l?
3
Let s(i) = -i**3 + 19*i**2 - 35*i + 12. Let q be s(17). Let l(c) = c**2 - 2*c - 7. What is the tens digit of l(q)?
2
Let g be 8/2 + (4 - 0). Let b be 0/(-1*g - -4). Suppose -o - o - 12 = -4*y, 5*y + o - 22 = b. What is the units digit of y?
4
Let v(m) = 5 - 2*m**3 + 10*m**2 + 3*m**3 + 9*m + 7*m - 11*m. Suppose 13*j - 12*j = -9. What is the tens digit of v(j)?
4
Suppose 4*i + 3*q + 11 = -1, 5*i - 5*q - 20 = 0. Suppose -5*n + 13*n - 440 = i. What is the tens digit of n?
5
Let p(o) = -50*o**3 + 2*o**2 - 3*o - 6. What is the units digit of p(-2)?
8
Suppose -776 = i - 1009. What is the hundreds digit of i?
2
Suppose 21*m = 8642 + 2278. What is the tens digit of m?
2
Suppose 45 = -2*f - 69. Let a be (-6 - 1)/(39/(-663)). Let v = a + f. What is the tens digit of v?
6
Let c(z) = 7*z - 5. Let n(i) = -3*i + 3. Let o(u) = 4*c(u) + 9*n(u). Let p be o(-5). Suppose 0*l = p*l - 34. What is the units digit of l?
7
Let n(s) = s**2 - 5*s + 15. Let x = 41 - 32. What is the tens digit of n(x)?
5
Let c = 12 + -7. Suppose 0 = -5*f - o - 2*o - 177, c*f - 5*o = -185. Let h = 5 - f. What is the units digit of h?
1
Let g be 1 - -1 - -2*(1 + 30). What is the units digit of 2800/g - (-1 + (-3)/(-4))?
4
Let m(o) = -3*o**2 + 59*o + 25. What is the units digit of m(19)?
3
What is the tens digit of 5/90*79124 - 4/(-18)?
9
Let v(j) = 5*j**2 - 4*j. Let t be v(4). Let s = t + -29. What is the units digit of s?
5
Let m(s) = 2*s - 6. Let d be m(4). Suppose 3*h + 0*r - 16 = -4*r, -d*h + 4*r = 16. What is the units digit of (16 + 0)/(h + 2)?
8
Let f(t) = -t + 1. Let l(d) = 2*d - 13. Let u(i) = f(i) + l(i). What is the units digit of u(16)?
4
Let g(v) be the third derivative of 10*v**2 - 1/3*v**3 + 0*v + 0 - 5/12*v**4. What is the units digit of g(-6)?
8
Let d(a) = -a**3 + 12*a**2 - 6*a + 14. Let v be d(11). Suppose 4*t = -t + 5, 3*t + v = 2*x. What is the tens digit of x?
3
Suppose -3428 = 3*i - 9680. What is the thousands digit of i?
2
Let h(d) = 272*d - 890. What is the tens digit of h(17)?
3
Let s be (-3)/6*(-2)/(-1). Let g be (15 - s)/(2/8). Let n = g + -38. What is the units digit of n?
6
Let j(a) = -6*a**2 - 9*a - 3. Let z(l) = l**2 + l + 1. Let b(n) = j(n) + 5*z(n). Let x be b(-3). Suppose x*v - 62 = 238. What is the units digit of v?
0
Suppose -503*h = -494*h - 37188. What is the tens digit of h?
3
Suppose q = -z - 2, -5*q - z = 2*z. Suppose 200 + 19 = 3*j. Suppose -21 - 14 = -p - 2*c, -2*p - q*c = -j. What is the tens digit of p?
4
Let n(l) = -29*l + 2. Let p = 20 - 19. Let u be n(p). Let c = u + 62. What is the tens digit of c?
3
Let l be 7 + 11/(-5) + 36/(-45). Suppose -4*c + 672 = l*c. What is the units digit of c?
4
Let x be 3/(-6)*-2*19. Suppose -q - x + 55 = 0. Suppose q = 4*z + 4. What is the units digit of z?
8
Let f(d) = 19*d**2 - d + 2. Let b be (2 + (-4 - -1))*-1. Let n be f(b). What is the tens digit of 10/n - (-206)/4?
5
Let i = 1 - 3. Let m be -3 - -1 - i - -214. What is the units digit of (-2)/(-9) - m/(-9)?
4
Let g(v) = -4*v**3 - 16*v**2 - 17*v - 5. What is the units digit of g(-8)?
5
Let q be (-2)/(((-6)/(-27))/(-1)). Let m = -11 + q. What is the units digit of 12/m + 4 - -16?
4
Let x be (-4)/(-18) + (-31892)/306. Let l = -84 - x. What is the tens digit of l?
2
Let c(x) = x**2 - 6*x + 5. Let o be c(5). Let k be -797 - (1 + -5 + o). What is the units digit of 2/9 - k/117?
7
Let w(q) be the first derivative of 5*q**2/2 - 4*q - 4. Let u be w(6). Suppose u = 3*l + 5. What is the units digit of l?
7
Let z be 34 - (2/(-9) + 55/45). Let g = 71 - z. What is the units digit of g?
8
Let j(t) = -t**3 + 25*t**2 - 22*t + 45. What is the tens digit of j(22)?
1
Let r be 2/(45/(-39) - -1). Let k = r + 13. Let g = 3 - k. What is the units digit of g?
3
Let l be (462/(-9))/(-7)*-3. What is the tens digit of (l/11)/(2/(-64))?
6
Let s(w) = -3*w**2 + 11*w - 5. Let y(z) = z. Let x(m) = 2*s(m) - 14*y(m). Let r be x(4). Let v = -45 - r. What is the tens digit of v?
2
Let r be -4 - (-1)/(-5)*0. Let d(k) = 7*k**2 + 4*k - 2. What is the units digit of d(r)?
4
Let i = -9 - -15. Suppose y = i*y - 1100. What is the hundreds digit of y?
2
Suppose o + 8 = -2*m + 12, 0 = -4*o. What is the tens digit of (9/(-27))/((-327)/162 + m)?
1
Let m(v) = -119*v - 207. What is the units digit of m(-8)?
5
Let f = 179 - 251. Let m = 156 - f. What is the hundreds digit of m?
2
Suppose -11408 = 19*h - 58870. What is the tens digit of h?
9
Let q(n) = -27*n + 1. Let x(j) = 244*j - 8. Let z(d) = 52*q(d) + 6*x(d). What is the tens digit of z(1)?
6
Let g(v) = v**3 + 2*v**2 - 8*v - 10. Let j be g(-4). Let b = j - -22. Suppose -b = 3*f - 105. What is the units digit of f?
1
Suppose 6 = 2*q - 0*q. Suppose 198 = i + 2*w - q*w, 5*w = 3*i - 598. What is the tens digit of i?
9
Suppose 2*g + r = 3613, 4*g + 5075 - 12322 = 5*r. What is the thousands digit of g?
1
Suppose -5*l + 0 = -15. Let b(c) = c**3 - 5*c**3 + 9*c**2 + 3*c + 7 + l*c**3. What is the units digit of b(9)?
4
Suppose -192 + 16 = -f. Let p = f - 98. What is the units digit of p?
8
Suppose 0*j = 2*j - 28. Let d = j + -11. What is the units digit of (-60)/(-8) - d/(-6)?
8
Let n be (3930/90)/(1/3). Let a = n - 57. What is the units digit of a?
4
Let i be (12/(-2))/(27/18). Let y(r) = 2*r**2 - 6*r + 4. Let c be y(5). Let u = c + i. What is the units digit of u?
0
Let x(b) = 18*b**2 + 108*b - 37. What is the hundreds digit of x(-18)?
8
Suppose 14*n - 44000 + 4604 = 0. What is the thousands digit of n?
2
Let f = -13 - -15. Suppose f*v - 196 = -2*v. Let n = v + -22. What is the tens digit of n?
2
Let p = -13 - -14. Let h be (7/(-7))/(p/(-4)). What is the tens digit of